) = -10*k - 1. Let f(u) = 19*u + 2. Let m(n) = 5*c(n) + 2*f(n). What is m(-1)?
11
Let p(m) be the third derivative of -m**6/120 + m**5/15 - 2*m**3/3 - 34*m**2. Calculate p(4).
-4
Let x(f) = f**3 - f**2 + f - 14. Suppose 2*h + l + 0 - 5 = 0, -3*h + 4*l - 20 = 0. Calculate x(h).
-14
Let u(f) = 27*f + 5. Let a(q) = 33*q + 6. Let k(o) = 4*a(o) - 5*u(o). Suppose -m + 6*m - 25 = -5*w, -5*m + 5*w = 25. Let h = 3 + m. Determine k(h).
-10
Let r be (18 + -18)/(4/(-2)). Suppose -h + 2*x = -3*x - 30, r = -4*h - 4*x. Let w(d) = -7*d + 2. Let z(o) = -o - 1. Let f(n) = -w(n) + 6*z(n). Give f(h).
-3
Let a(x) = x**2 + 4*x - 4. Suppose 2*n - 3*o = -2*n - 23, -2*n + 3*o - 13 = 0. Give a(n).
1
Let t(k) = -2*k + 18. Let f be t(8). Let c(i) = i**2 - 3*i. Give c(f).
-2
Suppose 5 = 4*z + w, -2*z + 4*w + 20 = 2*z. Let j(v) = 3*v - 1. Let m be j(z). Let u(p) be the third derivative of -p**4/24 + p**3/6 + 2*p**2. Give u(m).
-4
Suppose 11*a = 9*a + 6. Let b(y) = 4 - 2*y**3 + 0 + a*y**3 + 2*y**2 + y**2. Give b(-4).
-12
Let a(q) = 3*q - 5. Let y be a(2). Let z(x) = -5*x + 3. Let t(b) = 6*b - 2. Let m(o) = o - 3. Let u be m(0). Let g(h) = u*t(h) - 2*z(h). Determine g(y).
-8
Let y = -1 + -1. Let v(b) = -5*b**2 - 3 - 4*b + 10*b**2 + b**3 - 4*b**2. Give v(y).
1
Let h = -8 - -5. Let y be 1/(2 - 1) - -7. Let r(v) = -4 + 3*v + 0*v - y*v. Calculate r(h).
11
Let u(d) = d - 4. Let h(b) = 1. Let i(y) = -5*h(y) + u(y). What is i(0)?
-9
Suppose 5*k = -4*c + 10, -3*k + 8 = 2*c - 2*k. Let b(j) = c*j**3 + 2 - 5*j**2 + 2*j - 6*j**3 + 3*j**2. Suppose 2*o + 6 - 2 = 0. Give b(o).
-2
Let s(i) = 10 + 3 - 399*i + 409*i - i**2. Calculate s(11).
2
Let r(d) be the first derivative of 3*d + 3/2*d**2 + 4. Let j = -8 + 4. What is r(j)?
-9
Let m(y) be the second derivative of y**7/840 + y**6/72 + y**5/60 + y**4/8 + y**3/6 - y. Let b(o) be the second derivative of m(o). Calculate b(-5).
-7
Let f(c) = -c + 7. Let g(d) = -1. Let p(b) = -f(b) - 3*g(b). Give p(7).
3
Let q = -5 - -7. Suppose -q*o + 2 = -8. Let s(g) = -g**2 + 3*g + 2. What is s(o)?
-8
Suppose 0*g + 5*g = 0. Let l = g - 1. Let m(c) = -c. Calculate m(l).
1
Let q(v) = -4*v**3 + 9*v**2 + 4*v - 1. Let j(c) = c**3 - c**2 + c + 1. Let g(s) = 3*j(s) + q(s). Suppose -7*b + 17 = -32. What is g(b)?
2
Suppose -2*k = 3*k - 5. Let a(c) be the second derivative of -2*c**3/3 + c**2/2 + 20*c + 3. Give a(k).
-3
Let i(y) = y + 3. Let g be i(0). Let s(f) = f**2 + g*f + 0*f**2 + 0*f. Give s(-4).
4
Suppose -3*w - 2*w + 25 = -q, 2*w = 3*q + 10. Let u = q - -2. Let c(f) = -2 + u*f**2 - 3 - 3*f**2. Give c(0).
-5
Let z(t) = -t**2 - 4*t - 7. Suppose 17*i - 12*i = -25. What is z(i)?
-12
Let j be (-12)/(-10)*60/(-9). Let s(n) = n**2 + 8*n. Give s(j).
0
Suppose 3*w + 1 = 3*c - 2, 0 = 3*c + 3. Let b be (w/4)/((-12)/24). Let n(x) = 3*x - 1. What is n(b)?
2
Let i(a) = a**2 - 18*a + 18. Let t be i(17). Let o(h) = -5*h**3 + h**2 - h + 1. Give o(t).
-4
Let x(q) = 4*q**3 + q**2 + q. Suppose 5*j = 5*z - 75, -3*j = z + z - 15. Let f = 17 - z. Suppose 6*p - f*p = -1. Determine x(p).
-4
Let j(l) = -l**3 - 3*l**2 + 4*l + 2. Let b be j(-4). Let d(o) = -6*o + 2*o + 2*o**2 + o - 2 - o**b. Give d(5).
8
Suppose -o - m = -3, 2*m - 1 - 9 = -3*o. Let n(q) be the third derivative of 0 + 5/6*q**3 - 1/12*q**4 + 0*q + 3*q**2. Calculate n(o).
-3
Let f(s) = -2*s**3 - 2*s**2 + 4*s + 6. Let y(l) = 5*l**3 + 5*l**2 - 11*l - 18. Let a(g) = 8*f(g) + 3*y(g). Let z = 6 - 6. Calculate a(z).
-6
Let l(t) = t + 4. Let z be l(-3). Let a be z/(-2)*(-1 - 5). Let x(s) = s - 1. Determine x(a).
2
Let b(a) = a**3 + 0 + 0 + 4 - 4*a**2. Let l(z) = -3*z + 3 + 1 + 4*z + 9. Let g be l(-10). Determine b(g).
-5
Let c(z) be the second derivative of -z**4/12 - z**3/3 - 3*z**2/2 + 2*z. Suppose -3*m = -4*m + 4. Let x be ((-2)/m)/(2/8). Calculate c(x).
-3
Let c(u) = -u + 3. Let i = -8 - -14. Give c(i).
-3
Let t(r) = r**3 + 7*r**2 + 6*r + 4. Let c(g) = -g**3 - 7*g**2 + 7*g - 10. Let n be c(-8). Let f be 2/(0 - n/(-6)). Determine t(f).
4
Let o(s) = s**3 + 3*s**2 + s. Suppose -4*h + 12 = 5*a, 2*a - 9 = -0*h - 3*h. Let c(d) = -d + 1 + 0*d**2 - 2*d**3 + 3*d**2 + d**3. Let x be c(h). Calculate o(x).
2
Let x(j) = j + 4. Let s = -10 - -4. Give x(s).
-2
Suppose 0 = -9*k + 4*k - 25. Suppose 5*b = 5 + 10. Let y(r) = 6*r**2 + 0 + r**3 + 6*r + 0 + b. What is y(k)?
-2
Let h(q) = q + 5. Let m(x) = 3*x + 11. Let a(w) = -5*h(w) + 2*m(w). Suppose 4*p + 12 = 4*o, 0*o = -2*o + 5*p. Suppose 8 = -o*d - 7. Determine a(d).
-6
Let x = 0 + 0. Suppose -3*v + v - c = x, 4*c + 8 = 0. Let y(z) be the first derivative of -7*z**2/2 + z - 1. What is y(v)?
-6
Let b(i) be the second derivative of 0 + 3*i + 0*i**2 - 1/6*i**3 + 1/2*i**4. Calculate b(-1).
7
Let o(w) = 5*w**2 + w - 1. Let b(f) = -f**3 + f**2 - 3*f + 3. Let i be b(2). Let m be i/(-28) - 6/(-8). Determine o(m).
5
Let h(s) = 0*s**2 - 11*s + 5*s + 3*s**2 - 4*s**2. Give h(-7).
-7
Let f be 3/(-12) + 5/4. Let q = -4 + f. Let v be (1/(-2))/(q/(-12)). Let b(k) = 2*k**3 + 2*k**2 - 2*k - 2. Calculate b(v).
-6
Let j = -11 + 19. Let o(u) = u - 7. Calculate o(j).
1
Let h(y) = y**3 - y**2 + 6. Suppose 0 = -i + 2, -3*w - 25 = -5*i + 27. Let x be 4/14 + 4/w. What is h(x)?
6
Let u(l) = -2*l**2 - l - 2. Let p be u(-1). Let g(m) = 1 + m**2 + 0 + 3*m + 0*m. What is g(p)?
1
Let b(l) be the first derivative of l**2/2 - 2*l + 3. What is b(0)?
-2
Let h(j) = -3*j. Suppose 3*i - i = 2. Let o = 2 - i. Give h(o).
-3
Let t(m) = 3 - 6305*m + 0 - m**2 + 6295*m. What is t(-10)?
3
Let n(a) = 2*a**3 + a**2 - a + 2. Let p = 10 - 12. Give n(p).
-8
Let r(x) = -3*x + 7 + 11*x**2 - 3*x**2 + x**3 + 12*x - 3*x. Calculate r(-7).
14
Let g(h) = h**2 + h. Let l be g(-2). Let u(f) = -f**2 + l*f**2 + 0 + 3 - 2*f + 0. Determine u(2).
3
Let u be 0 + 0 + (16 - 14). Let y(x) = 2*x**2 - 3*x**2 + 3*x**3 - 1 + 2*x**3 + 3*x**u. Calculate y(1).
6
Let j be 0/(0 - 2 - 1). Suppose -3*t - w = 7, 3*t = -j*w - 2*w - 5. Let m(x) = -x - 2. What is m(t)?
1
Let u(m) = 4*m + 4. Let s(t) = -1. Let o(a) = -5*s(a) - u(a). Let j be 3 + (2 + 0)*-1. Let f = j + -2. Calculate o(f).
5
Suppose 0*v + 29 = 5*v - x, -30 = -2*v + 5*x. Let j(m) = m**2 - 6*m - 5. What is j(v)?
-10
Let h(z) = 4*z + 3*z - 3*z + 6 + 5*z. Let s(g) = 5*g + 3. Let a(u) = -6*h(u) + 11*s(u). Let c(l) = l - 1. Let x be c(-3). Determine a(x).
-7
Let b(u) = 9*u**3 + u**2 + u. Let i(d) = 2*d - 13. Let v be i(6). Give b(v).
-9
Let o be 1*(3 - 1) - 2. Suppose -3*f + o = -12. Suppose -f*z - 6 = 2. Let k(r) = -r**3 - 3*r**2 - r + 2. Give k(z).
0
Suppose -2*s = -3*v - 3, -4*v + 0 = 4*s + 4. Let n(b) = 5 - b**2 - 2*b + s*b + 4*b. Calculate n(4).
-3
Let p(g) = -6*g**2 + 2*g - 1 + g**3 - 13 + 1 - 3*g**2. Determine p(9).
5
Let i(m) = m**2 - m - 5. Suppose -3*r + 2*r = -4. Give i(r).
7
Let m(u) = 4*u - 2 - u**2 + 0 - 1 + 2*u. Let i(d) = d**2 - d. Let o be i(-1). What is m(o)?
5
Let o(l) be the first derivative of 1/2*l**4 - 2 + 0*l**3 - l**2 + 0*l. Let h be 1*2*(-2 - -1). What is o(h)?
-12
Let j(b) = 1 - 3*b + 6 + 1 + 2*b. Give j(6).
2
Let h(p) = -p**2 - 7*p - 6. Let q(t) = 12*t**2 + 5*t + 3. Let j be q(-4). Let f be (-1)/(-6) - j/42. Calculate h(f).
6
Let g(t) = 3*t**2 + 17*t - 11. Let f(y) = y**2 + 6*y - 4. Let l(z) = -11*f(z) + 4*g(z). Let v be ((-4)/10)/(2 - 9/5). Calculate l(v).
0
Let u be (-12)/6*(-6)/(-4). Let w be (-2 - -1 - 0)*u. Let q = w + -6. Let p(j) = -2*j + 3. What is p(q)?
9
Suppose b = m + 2, 0 = -b - 3*b - 5*m + 26. Let a(p) = 3*p**2 - 6*p**2 + 0*p**2 + b*p**2 + 1. What is a(3)?
10
Let w(h) = -5*h**2 - 3*h + 5. Let n(i) = -4*i**2 - 2*i + 5. Let k(x) = 4*n(x) - 3*w(x). Suppose -3*t + 20 = -8*t. Calculate k(t).
-15
Let m(b) be the third derivative of -3*b**2 + 0 + 0*b - 1/8*b**4 - 1/60*b**5 + 1/6*b**3. Calculate m(-3).
1
Let w(b) be the third derivative of b**7/2520 + b**6/720 + b**4/12 - b**2. Let d(q) be the second derivative of w(q). Let j be (-9)/6*(-2)/(-3). Determine d(j).
0
Let t(k) = k**3 + 5*k**2 + 2*k + 3. Suppose 0*h - 3 = -h. Let g = -2 - h. Determine t(g).
-7
Let h be (2 - (-4)/(-2)) + 3. Let u(t) = -3 - t**3 + 4 + 0*t**h. What is u(-2)?
9
Let h(d) = -6*d**2 + d - 1. Let t(r) be the second derivative of r**5/20 + 7*r**4/12 - 4*r**3/3 + r**2/2 - 3*r. Let v be t(-8). What is h(v)?
-6
Suppose 5*c = -20, -3*m - m + 20 = -2*c. Let t = m - 4. Let b(q) = q - 1. Let l(f) = -4*f + 13. Let d(i) 